*2 - 5*k + 5. Let b be g(1). Let n = b + 446. What are the prime factors of n?
2, 19
What are the prime factors of 1/(-6)*(-42)/(-28) + (-88717)/(-4)?
3, 7393
Let q(y) be the third derivative of 25*y**4/24 + 2*y**3 - 22*y**2. What are the prime factors of q(18)?
2, 3, 7, 11
Suppose -2*t = -21*t - 425733. What are the prime factors of 2/4 - (t/(-14))/(-11)?
2, 73
Let x = -8259 + 15906. What are the prime factors of x?
3, 2549
Let f = -355 - -211. Let o be (-2)/(-12) - (-24)/f. Suppose o = 7*y - y - 1314. List the prime factors of y.
3, 73
Let k(f) = -2*f**2 + 25*f - 18. Let j be k(10). Suppose 33*q - j*q = 728. List the prime factors of ((-5)/4)/((-14)/q).
5, 13
Let p(r) = r**3 - 4*r**2 - r - 4. Let t = -37 - -42. Let f be p(t). List the prime factors of (-1*1)/(f/(-80)).
5
Let t be (-1 - 29/3)/((-202)/303). List the prime factors of (-2776)/t*-4 + -2.
2, 173
Suppose n - r + 47 = -0, 4*n + 173 = -r. Let b = 46 + n. Suppose -3*i - b*i + h = -213, -2*i + 84 = -h. What are the prime factors of i?
43
Let n = 157 + -154. What are the prime factors of -2*((-6)/n + (-2262)/12)?
3, 127
Let m = 26 + -16. Let v be (-4)/m - (-3)/((-15)/(-2)). Suppose v = -3*s + 5*s - 52. What are the prime factors of s?
2, 13
Let u be (-6)/(-16) - (-3 - (-108)/32). Suppose u = 3*n - n - 72. Let t = n - -97. What are the prime factors of t?
7, 19
Let d be (-18*1 - -3)/((-15)/8060). Let b be (1 - (-18)/(-14)) + d/182. Let m = 185 + b. What are the prime factors of m?
229
Suppose -6492*h = -6508*h + 63664. List the prime factors of h.
23, 173
Let i = -117 + 121. Suppose -j - i = -f + j, 5*f + j - 31 = 0. Suppose f*h + h - 476 = 0. What are the prime factors of h?
2, 17
Let h be 2*((-9630)/(-1500) + (-2)/(-25)). Let x be (10/4)/((-3)/(-6)). Suppose -3*g = m - 38, -3*g + 3*m = -h - x. What are the prime factors of g?
11
Let h be (36/54 - 17/(-6))*-2. Let a = 86 + h. What are the prime factors of a?
79
Let j be (-35 + 12/3)*1. Let o = j - -34. Suppose 3*f = 2*i - 48, -o*i + 55 = 6*f - 2*f. List the prime factors of i.
3, 7
Let x be (9/6)/(8/48). Let g(a) = -a**3 + 9*a**2 - a + 9. Let v be g(x). What are the prime factors of (v - -13)/(-10 + 11)?
13
Let j(n) = n**3 + 9*n**2 - 2*n + 19. Let r be j(-10). Let z = 34 + r. Let o = z - -83. What are the prime factors of o?
2, 7
Suppose -2*j + 3*j - 2*s + 8 = 0, 0 = j - 3*s + 13. Suppose 0*b + 2146 = 5*b - j*c, 5*b - 2143 = c. What are the prime factors of b?
2, 107
List the prime factors of (53 - 55) + 3/(6/10892).
2, 1361
Suppose 12747 = 11*z - 46279. List the prime factors of z.
2, 2683
Let f(h) = 219*h - 109. Let c be f(12). Suppose -3*q + j = -j - 2521, 3*q - c = j. List the prime factors of q.
839
Let g(f) be the second derivative of 11*f**4/6 - f**3/6 + 11*f**2/2 - 3*f + 20. List the prime factors of g(-6).
809
Let n = -87 - -123. Suppose 11618 = n*x - 24670. What are the prime factors of x?
2, 3, 7
Suppose -21*i + 29*i - 3344 = 0. Suppose i = 4*o - 2802. What are the prime factors of o?
5, 7, 23
Let p(d) = 49*d - 50. Let i be p(31). Suppose 146 + i = 5*n. What are the prime factors of n?
17, 19
Let i be 3/(-12) + 0 + 861/(-12). Let a = 123 + i. Suppose 24 = x - a. List the prime factors of x.
3, 5
Let v(w) = -w**3 + 18*w**2 - 29*w - 18. Suppose 0 = -3*t + 6, -16 + 73 = 5*q - 4*t. List the prime factors of v(q).
2, 3, 5
Let v be 15/(-2)*(4/6 - 0). What are the prime factors of (-84)/(-20) - (-1)/v?
2
Let w(q) = q**2 - 11*q - 29. Let k be w(13). List the prime factors of (4*k/(-24))/((-7)/(-6636)).
2, 3, 79
Let i(k) = k - 12. Let j be i(0). Let l be ((-2)/(-4))/(75/j + 6). List the prime factors of (4 + (-213)/15)/(l/10).
3, 17
Suppose 0 = 40*t + 1376 + 384. Let f(d) = -17*d - 33. List the prime factors of f(t).
5, 11, 13
Let d be ((-26)/8)/(2558/640 - 4). Suppose 3*j - 118 - d = 0. What are the prime factors of j?
2, 193
Let t = 6368 + -4608. List the prime factors of t.
2, 5, 11
Let t(g) = -103*g**3 - 5*g**2 - 33*g - 179. List the prime factors of t(-5).
2, 199
Suppose -320 = 7*s + 338. Let f = -21 - s. Let u = -49 + f. What are the prime factors of u?
2, 3
Let x = 140 + -54. Let t be (-12)/(-7)*((-49)/2)/(-1). Let o = t + x. What are the prime factors of o?
2
Suppose -21*s = -23*s + 1808. Let d = -321 + s. List the prime factors of d.
11, 53
Suppose 20 = -7*d - 3*d. Let o be (-12 + 12)*(-1)/d. Suppose -55 = -o*c - 5*c. List the prime factors of c.
11
Let z(w) = -57*w - 490. Let s be z(-48). Suppose -18466 = -24*l + s. List the prime factors of l.
863
Let c be 17/136 - 81359/(-8). Suppose -12*a = -30*a + c. List the prime factors of a.
5, 113
Suppose -5*p + 3449 = 19. Let x = -474 + p. What are the prime factors of x?
2, 53
Let f be 247401/105 + (-2)/10. Suppose -3*k + 7158 = 5*c + 1252, f = 2*c - 2*k. List the prime factors of c.
2, 5, 59
Suppose j = 4*b + 33842, -b - 101515 = 186*j - 189*j. What are the prime factors of j?
2, 7, 2417
Let t(p) = 6737*p**3 - 7*p**2 - 7*p + 13. What are the prime factors of t(1)?
2, 421
Let h be -4*12/(-16) + 1. Let t be -2*h/(-16)*298. Let c = t + -64. List the prime factors of c.
5, 17
Suppose -17*x + 2*x = -300. Let m(j) = 5*j - 16. Let d(h) = 4*h - 16. Let w(v) = -6*d(v) + 5*m(v). List the prime factors of w(x).
2, 3
Let j(o) = 12*o**3 + 2*o**2 - 10*o - 19. What are the prime factors of j(10)?
3, 4027
Suppose -433 + 49 = -2*a. List the prime factors of (a/(-9))/4*(-252)/56.
2, 3
Let b be (2 - 2) + (-4 - -7). Suppose 5*c = 3*s - 908, -5*s - 204 = -b*c + 4*c. Let p = c + 319. What are the prime factors of p?
3, 5
Let l(q) = -3*q**2 + 19*q - 8. Let s(b) = b**2. Let t(o) = o**2 + 2*o - 16. Let i be t(-5). Let d(m) = i*l(m) + 4*s(m). List the prime factors of d(6).
2, 73
Let n = 7330 - 2388. List the prime factors of n.
2, 7, 353
Let w = 235 - -157. Suppose 0*h + 8*h - w = 0. List the prime factors of h.
7
Let j = 17 - 30. Let o(z) = z**2 + 26*z - 1. Let r be o(j). Let q = 239 + r. List the prime factors of q.
3, 23
Let x(n) = -2*n**3 - 6*n**2 - 5*n + 3. Let l be x(-3). Let w(c) = 7*c + 35. List the prime factors of w(l).
7, 23
Let d = 101529 + -69963. What are the prime factors of d?
2, 3, 5261
Let h = -3709 - -12323. What are the prime factors of h?
2, 59, 73
Let i be (-216)/(-16) - 3/(-6). List the prime factors of (-874)/(-1)*i/28.
19, 23
Let s be 1*(-14)/(-35)*5. Suppose 0*k + 2*m = -4*k + 1540, s*k = m + 766. List the prime factors of k.
2, 3
Suppose -4*a = 2*j - 36, 0 = 5*a + j + 13 - 55. Suppose a*g + 1304 - 7024 = 0. List the prime factors of g.
5, 11, 13
Let y = -4 + 8. Suppose -2*d - 11 = -a, -y*d - 27 = -5*a + 34. Suppose a*l - 99 = 12*l. What are the prime factors of l?
3, 11
Let k be -5 + 19/(19/3972). Suppose 4*s + 873 = -5*g + k, -s - 2492 = -4*g. What are the prime factors of g?
2, 311
Suppose 34 = 3*h - 5*v, -h - 3*h + 22 = -2*v. Suppose 18*t + 8471 = 5*c + 15*t, 0 = -h*c - t + 5077. List the prime factors of c.
1693
Let y(z) = 8*z**2 + 52*z - 177. What are the prime factors of y(-10)?
103
Let a be 0/(10 + 1 - 9). Suppose 31*f + 5*m = 32*f - 269, a = 4*f + 5*m - 1151. List the prime factors of f.
2, 71
Suppose -124 = -2*w + 4*d + 130, 5*d = 3*w - 379. List the prime factors of 16/(-12)*w/(-2).
2, 41
Suppose -8*q + 114 - 26 = 0. Suppose 0 = -q*y - 2*y + 2951. Let c = y + -147. What are the prime factors of c?
2, 5
Suppose 2609*k + 65676 = 2622*k. List the prime factors of k.
2, 3, 421
Let a = 99 + -96. Suppose a*w + 5*t = 988, -5*w + 1600 = -0*t - t. What are the prime factors of (w/6)/(2/4)?
107
Let i(g) = -21*g**3 - 12*g**2 + 9*g + 78. Let t be i(-12). List the prime factors of t/55 - (-32)/176.
2, 157
Let a = 48979 + -23860. What are the prime factors of a?
3, 2791
Let p = 1 - 2. Let m be 20220/135 - (p - 7/(-9)). Suppose -m = 11*g - 17*g. What are the prime factors of g?
5
Suppose 5*b = -15*c + 17*c + 1653, -2*c = 2*b - 650. What are the prime factors of 1 - b/(-7)*2?
5, 19
What are the prime factors of (48/10)/(808782/(-101100) - -8)?
2, 5, 337
Suppose 3*h + 186 = 3*m - 54, 140 = 2*m + 3*h. Let t(w) = -w**2 - 7*w + 148. Let p be t(-16). Suppose p*d + m - 1020 = 0. List the prime factors of d.
2, 59
Suppose -2*q + 2825 = i, -3*i - 7060 = -5*q - 5*i. Suppose -8*v + 2*v = -q. What are the prime factors of v?
5, 47
Let o(b) be the first derivative of b**4/4 - 2*b**2 + 6*b -